
Evaluate (-16 - -10) + (1 - 0) + 1.
-4
What is the value of (3 + -2 - -4) + -9 + 3?
-1
Evaluate (0 - -10) + -17 + 7.
0
What is the value of 5 - 17 - (-3 - 3)?
-6
What is the value of 77 + -67 - (-1 + 4)?
7
Calculate -5 + -3 + (-1 - -5).
-4
Evaluate (1 - (0 - 0)) + (-22 - -19).
-2
2 + (-6 + 1 - -1)
-2
Evaluate 15 + (-4 + 6 - 8).
9
What is -3 + 12 - 7 - 3?
-1
What is the value of (8 - (4 + (-2 - 0))) + -1?
5
14 + (-9 - -1) + 1 + -5
2
Calculate 0 - (2 - 2) - (13 + -19).
6
What is 141 + -129 + (1 - 5)?
8
Evaluate -4 + 5 + 2 + 2.
5
Calculate (-10 - (6 - 17)) + -2.
-1
What is 20 - 11 - (-3 + 4)?
8
8 + (-11 + -3 - -7)
1
1 + -1 - -12 - (101 - 98)
9
Calculate 4 - (0 + (-1 - -1)).
4
What is (5 - 1) + -14 - -17?
7
5 + 0 + (-1 - (4 + -4))
4
What is 22 - 34 - (2 + -19)?
5
What is the value of (-15 - -5) + (-12 - -19)?
-3
What is the value of 5 + 1 + -29 + 29?
6
-7 - (3 - (13 - 8))
-5
1 + 0 - (-6 - (-8 - -4))
3
Evaluate (0 - 1) + (119 - 124).
-6
Evaluate 5 + (6 - 6) - 8 - 1.
-4
What is the value of 1 - ((-11 - -8) + 1 + 0)?
3
What is the value of 0 - 1 - (1 - 0 - -2)?
-4
What is -3 + 3 + -4 + (1 - 4)?
-7
-8 + 1 - (-5 - 10 - -10)
-2
Calculate -20 - (-2 - 9) - (-1 - 3).
-5
-2 - (6 + -2 + 0 + -2)
-4
What is -15 - -1 - (-150 + 143)?
-7
(-1 - 4) + 5 + -4
-4
Evaluate 9 + (-14 - (-5 + 5)) + 1.
-4
Evaluate -2 - (-1 - (1 - 1)) - -1.
0
10 - (19 + -5 + -8 + -6)
10
What is (-1 - 5) + (6 - 7 - -3)?
-4
What is 2 + (-1 - (10 - 11))?
2
What is 0 + 4 + 4 + -2 + 4?
10
Calculate 17 + -18 + (7 - -5).
11
What is the value of -7 - -12 - (0 - -6 - 1)?
0
Calculate 2 + 1 + -2 - -2.
3
What is the value of (-4 - 6) + (-3 - -10)?
-3
What is the value of 4 + 0 - (-3 + 3 - -1)?
3
-2 + -3 + 0 + 3
-2
Evaluate (-3 + -5 - 1) + 18.
9
Evaluate (0 - -3) + (-5 - -2) + 0.
0
What is -1 + (10 + -9 - -7)?
7
What is 1 + (4 - 2) + (-4 - -1)?
0
Evaluate 1 + (7 - 3) + -6.
-1
What is 2 - ((-1 - 3) + (9 - 7))?
4
Evaluate -3 + 2 + (5 - (7 + -7)).
4
Evaluate 1 + ((4 - -3) + -14 - -7).
1
-1 + 2 + (-3 - -2)
0
3 + (5 + 4 - 6)
6
Calculate -3 + (4 - -3 - 5).
-1
What is 5 + -3 + -4 + -1 - -2?
-1
Evaluate -7 - (0 + (-2 - 1)).
-4
What is 1 - (-8 - 9 - -14)?
4
What is the value of (-31 + 10 - -8) + 12?
-1
What is -4 + 0 + (2 - 3)?
-5
What is -2 - (8 + -14 + 10)?
-6
What is the value of -1 + 3 + -41 + 42?
3
Evaluate 7 + (1 - 0 - 12).
-4
Calculate 2 - (7 - (-3 - -3) - -2).
-7
What is the value of 5 - (5 + -12) - 5 - 2?
5
Evaluate 0 + -1 + (9 - (14 + -9)).
3
-4 + (0 - 0) + 4 + -5
-5
Calculate 17 + (-4 - -1) + (-18 - -12).
8
1 + -1 + -1 + (18 - 14)
3
What is the value of -1 - (-3 - 1 - 3)?
6
Calculate -4 - (-13 + 8) - -4.
5
Evaluate -8 - -8 - (-8 + 1 - -3).
4
Calculate (-1 - 1) + (-5 + 5 - -4).
2
What is the value of (3 - (2 + -3)) + (0 - 5)?
-1
What is 7 + -8 - (0 + 2 + 1)?
-4
What is 2 - (-9 + 3) - (11 + -8)?
5
What is the value of (9 - 6) + (-15 - -7)?
-5
What is (-4 - (-5 - -1)) + 4?
4
Evaluate -2 + 2 + -3 + (0 - 2).
-5
Evaluate -4 + 13 + -5 - (-2 - -3).
3
Calculate (-5 - -7) + -7 + 0.
-5
What is 17 + -11 + -5 + 0 + -3?
-2
Calculate -18 - (0 + 7 + 0 - 15).
-10
What is 4 - 7 - 6 - -1 - -3?
-5
Evaluate 3 - (4 - -1) - (-4 + 0).
2
1 - 5 - (21 - 26)
1
Calculate 0 - 3 - (3 - (7 + -2)).
-1
Evaluate -2 + 12 - (-36 + 39).
7
Evaluate -8 - (3 + -2) - 0.
-9
0 + -3 + -2 + 10
5
What is (9 + -4 - 4 - -3) + -9?
-5
Evaluate 11 - ((-9 - -9) + 19).
-8
Evaluate -6 + 5 + -3 + 8 + -5.
-1
Evaluate -17 - (-10 + -4 + 5).
-8
What is (-2 - (1 + 1)) + 4 - 3?
-3
What is the value of 7 + (-29 - -6 - -12)?
-4
Calculate 4 - ((1 - (4 - -1)) + 7).
1
What is 7 - (1 - -13 - 5)?
-2
Calculate 2 - (2 - 1) - (11 - 13).
3
Calculate 6 + (-4 - (-3 - -1)).
4
What is the value of 5 - (11 + (-3 - 6))?
3
Evaluate 2 + (2 + 0 + 1 - 4).
1
Calculate -4 + 8 - 0 - (3 - 3).
4
Calculate 3 - -1 - (5 + -3).
2
Calculate (4 - -4) + (-9 - (-8 + 4)).
3
What is the value of 6 + 4 + -7 + (-3 - -1)?
1
Evaluate 0 - (0 + -4 + 1 + 7).
-4
Calculate 5 - ((0 - -2) + (2 - 3)).
4
4 - ((4 - -6) + -4)
-2
Calculate 3 + -1 - (-1 + -1 + 7).
-3
Calculate 4 - (10 + -8 - -6).
-4
What is -4 + (2 - (0 - -2))?
-4
-8 + 2 - (-8 + 3)
-1
Evaluate (-1 - -3) + 1 - (2 - -2).
-1
Calculate -2 + 4 - -7 - 5.
4
Calculate 8 - ((2 - -2) + -1 + 1).
4
(-5 - (5 + 7)) + 11
-6
Evaluate 2 - (1 + -1) - (-12 - -16).
-2
Calculate -14 + 4 - (-2 + -7).
-1
What is the value of -7 - (-2 + 1) - (-31 + 26)?
-1
Calculate 4 + 3 + -2 + -4 + -5.
-4
What is -2 + 1 + 2 + -33 + 35?
3
What is the value of 3 - (0 + -2 - 1 - -7)?
-1
What is the value of 3 + 1 + (-2 - 0) + -4?
-2
What is (2 - (-4 + 2)) + 0 - 8?
-4
Evaluate 0 + (-2 - 4 - (-4 - -1)).
-3
What is -6 + 3 + 7 - 2?
2
-5 - (-4 + (1 - -1))
-3
What is the value of -32 - -39 - (0 - (-10 + -1))?
-4
Calculate -2 + 1 - (5 - 0) - -2.
-4
Calculate 26 - 21 - (4 - -1).
0
0 - (1 + 0 - -4)
-5
What is 3 + (8 - 4) - 4?
3
What is the value of 3 - ((-1 - 1) + -3 + 5)?
3
What is the value of -3 + 1 - (0 + 2)?
-4
4 - (3 + (2 - 4))
3
Evaluate (7 + 3 - 6) + -9 + -1.
-6
Calculate 7 - (-13 - (-11 - 14)).
-5
Evaluate (0 - 0) + -6 + -10 + 11.
-5
What is the value of 21 + -17 + 6 - 7?
3
16 + (9 - 18) - (0 + 3)
4
-19 - (-9 - (0 - -2))
-8
0 + 9 + -1 - (1 + 2)
5
What is the value of 1 - (0 + (7 - (-3 - -6)))?
-3
(-4 + -1 - 3) + 5
-3
Calculate -3 - (3 + (-11 - -6)).
-1
(0 - 1) + -1 + (1 - 2)
-3
What is the value of 9 - (2 - (-15 - -9))?
1
4 + (-15 - 0) + 8
-3
Calculate (0 - -3) + 28 + -36.
-5
What is 7 - (0 - -1) - (4 - 1)?
3
(-3 - -8) + 0 + -8 - -8
5
Evaluate (-28 - -29) + (1 - 0 - 4).
-2
What is the value of 0 + 3 + (3 - 2) - 5?
-1
-2 + (-3 - (-3 + 4)) + 12
6
What is the value of -3 + -2 + (0 - -2) + 4?
1
What is (-3 - -5) + -1 + -8?
-7
Calculate -10 - (11 - 16) - -9.
4
-13 + -12 + 25 + 10
10
Evaluate 15 + 3 + -11 + -2 + -4.
1
Evaluate -1 - (3 + -3 + 1).
-2
What is the value of -3 - 9 - (-27 + 22)?
-7
-4 + (15 + -3 - 3)
5
What is the value of 5 + (-5 - (-3 + -2 + 10))?
-5
Evaluate 3 + 0 + 1 - 7.
-3
What is the value of (-7 - (-14 - -11)) + 13?
9
What is the value of 4 - (7 - -1 - (29 - 29))?
-4
What is the value of 6 - (3 - (4 + -6))?
1
3 - ((-4 - 0) + (4 - -4))
-1
3 - (-5 + 4) - (1 - 3)
6
Calculate 2 + -7 + 9 + 0 + -2.
2
Calculate -7 + 26 + -15 + 6.
10
-3 + -2 + 13 + -6
2
Evaluate 6 - 12 - -5 - (-5 + 0).
4
Calculate (3 - 0) + -1 + -6.
-4
Evaluate 18 + -7 + -2 + -4.
5
Evaluate -4 - (-3 - 1) - (-3 - 1).
4
0 + 4 + -4 + -5
-5
-5 - ((0 - (-2 + 6)) + 2)
-3
(-6 - (-23 - -8)) + -2
7
-1 + 6 - 9 - 0
-4
Calculate (2 - (7 + -2)) + 5.
2
What is -12 - 4 - (8 - 18)?
-6
Evaluate -4 + (2 - (9 + -5)).
-6
What is the value of -4 - (1 + 4 + -4)?
-5
-8 - (-6 + -1) - (-10 - -4)
5
1 + (-9 - -5) - 0
-3
What is the value of (3 - (5 - -2)) + 1 + 8?
5
Evaluate -26 + (-1 - -13) - (-9 - -2).
-7
Calculate -1 + -4 - (-13 - 0 - -10).
-2
Evaluate 21 + -34 + 6 + 0 + 1.
-6
Evaluate -10 - (1 + -4) - (-2 + -1).
-4
Evaluate -7 + -3 + -3 + 14 + -1.
0
What is (80 - 87) + (0 + 14 - 1)?
6
What is the value of (14 - 3) + -7 + (-1 - -1)?
4
What is the value of -8 + (4 - 7 - -12)?
1
Calculate -1 + (2 - 2) + 4.
3
2 + -11 - -2 - (-6 - -1)
-2
Evaluate 0 + (-11 + 3 - (3 + -14)).
3
Calculate 7 + (1 - 3 - (-3 - -2)).
6
Calculate -5 + -5 + 11 + 4.
5
Evaluate 0 + 3 - (-3 - (-5 - -1)).
2
What is the value of 4 + 2 - 1 - 9?
-4
Calculate 7 + (-3 - 2) + -3.
-1
What is the value of -3 + 1 + -4 + 7 + 0?
1
Calculate -5 + 0 - (-9 - -4).
0
What is (-1 - -2) + (-28 - -31)?
4
What is the value of 0 + (0 - 10) + 18?
8
What is the value of -177 - -165 - (-12 + 1)?
-1
Calculate -6 + 9 + -2 + -3.
-2
What is -3 - 0 - -3 - 2?
-2
-5 - (-2 + -4 + 0 - -3)
-2
What is -1 + -1 + 10 + (-3 - 11)?
-6
What is (0 - 1) + 1 + -4?
-4
What is the value of -5 - (-14 + 4 + (4 - 1))?
2
What is the value of -11 + 0 + 64 + -58?
-5
What is the value of -3 - -3 - (-5 - (-3 - 2))?
0
3 + (11 - 14 - (2 - 0))
-2
Evaluate -15 - (-3 - (-5 - (-5 + -4))).
-8
-3 + 5 - -1 - (5 - -1)
-3
Evaluate -8 + 2 + -3 + 11.
2
Evaluate 3 + -1 + -3 - (0 - 1).
0
What is the value of (7 - (8 + 0)) + 2 + -1?
0
Calculate 3 + (1 - 5) + -3.
-4
-9 - (1 + (-7 - -2 - 7))
2
What is (0 + -1 - -1) + 0 - 3?
-3
(0 - (-6 + 2)) + -1
3
Evaluate 1 - -1 - -1 - (-25 + 28).
0
Calculate (0 - 8) + 4 - -9.
5
(2 - 5) + 7 + (0 - 2)
2
(11 - 6) + -9 + 1 + -3
-6
Evaluate 11 + -7 + -6 - (1 - -1).
-4
Calculate -6 - ((1 - 1) + -3).
-3
What i